s) = s**3 - 73*s**2 - 225*s - 19. What is p(76)?
209
Let x(c) = -4*c**2 - 688*c + 2084. Give x(-175).
-16
Let d(i) = 6*i**2 + 9*i - 19. Give d(4).
113
Let f(o) = 2*o**3 - 2*o**2 + 5*o - 5. Give f(-3).
-92
Let s(g) = -23*g + 35. What is s(-4)?
127
Let o(q) = -7*q**2 + 687*q + 17365. Calculate o(119).
-9
Let q(b) = 6*b**2 - 48*b - 14. Give q(13).
376
Let q(z) = -z**3 - 145*z**2 - 63*z + 11646. What is q(-144)?
-18
Let b(s) = -234*s - 2513. Calculate b(-11).
61
Let h(r) = -10*r + 4. Give h(2).
-16
Let k(h) = h**2 - 225*h + 229. Calculate k(1).
5
Let y(v) = 16*v**2 - 8*v - 19. What is y(0)?
-19
Let q(a) = a**3 - 40*a**2 - 172*a + 259. Calculate q(-5).
-6
Let o(i) = 2*i**2 + 2131*i - 30223. Determine o(14).
3
Let r(c) = 74*c + 2424. Calculate r(-33).
-18
Let z(f) = -6*f**2 - 389*f + 78. Calculate z(-65).
13
Let b(t) = -19*t + 21. Give b(5).
-74
Let p(u) = 50*u - 296. Calculate p(6).
4
Let w(j) = 6*j**2 + 106*j + 162. Calculate w(-16).
2
Let n(r) = -36*r - 311. Calculate n(-14).
193
Let q(d) = 223*d - 6703. Calculate q(30).
-13
Let c(h) = -3*h**2 - 43*h + 147. Give c(3).
-9
Let n(p) = -p**3 + 26*p**2 - 11*p + 87. Give n(26).
-199
Let i(r) = -4*r**3 + 83*r**2 + 22*r - 22. What is i(21)?
-1
Let p(b) = 314*b - 335. Determine p(2).
293
Let q(j) = 3701*j + 62921. Give q(-17).
4
Let u(z) = -z**3 - 79*z**2 - 4*z - 308. Calculate u(-79).
8
Let n(c) = c**3 - 54*c**2 - 42*c - 675. Give n(55).
40
Let c(a) = -2*a**3 + 140*a**2 + 444*a - 346. Give c(73).
92
Let i(q) = -2*q**2 - 46*q + 1973. Determine i(-45).
-7
Let b(l) = -3*l**2 + 105*l - 103. Calculate b(34).
-1
Let j(o) = -34*o + 65. Calculate j(1).
31
Let y(g) = -g**3 + 62*g**2 - 62*g + 63. Calculate y(61).
2
Let k(m) = -8*m + 142. Give k(18).
-2
Let k(q) = q**3 - 86*q**2 - 270*q + 322. Determine k(89).
55
Let i(b) = 244*b - 481. Give i(2).
7
Let q(g) = 3*g**2 - 320*g + 825. Determine q(104).
-7
Let k(z) = 16*z - 1016. Determine k(65).
24
Let a(i) = 10*i**2 - 8*i - 6. Determine a(-3).
108
Let g(j) = -396*j - 1195. What is g(-3)?
-7
Let a(z) = 56*z**3 - 2*z**2 + 49*z - 47. What is a(1)?
56
Let v(z) = -2*z**2 + 329*z + 5784. Calculate v(-16).
8
Let p(q) = -160*q + 375. Give p(2).
55
Let l(o) = 22*o**2 - 130*o + 617. Determine l(5).
517
Let i(p) = 2*p**2 + 142*p + 43. Determine i(-71).
43
Let b(y) = -67*y - 565. Determine b(-5).
-230
Let t(q) = -152*q - 2016. What is t(-14)?
112
Let i(o) = -964*o**2 - 10607*o - 6. Give i(-11).
27
Let q(p) = -276*p + 1912. Determine q(7).
-20
Let q(o) = 82*o + 10255. Give q(-125).
5
Let c(d) = d**3 - 13*d**2 + 24*d - 24. What is c(11)?
-2
Let s(g) = -17*g**2 - 142*g - 309. Calculate s(-5).
-24
Let u(b) = 100*b + 742. What is u(-7)?
42
Let n(z) = z**3 + 11*z**2 - z - 177. What is n(-9)?
-6
Let j(g) = -g**3 - 12*g**2 + 284*g - 124. Calculate j(-24).
-28
Let v(a) = 818*a + 3273. Calculate v(-4).
1
Let u(p) = -258*p**2 + 2355*p - 297. Determine u(9).
0
Let z(b) = -24*b + 85. Determine z(5).
-35
Let b(f) = -f**2 - 37*f + 231. Calculate b(6).
-27
Let g(f) = 34*f + 109. Determine g(4).
245
Let q(o) = o**3 - 13*o**2 - 34*o + 261. What is q(14)?
-19
Let s(a) = a**2 + 11*a - 118. Determine s(-18).
8
Let y(p) = -2*p**3 - 30*p**2 - 54*p - 26. Calculate y(-13).
0
Let w(h) = 2*h**2 - 6*h - 74. Give w(13).
186
Let c(b) = 189*b + 1675. Give c(-9).
-26
Let j(n) = 6*n**2 + 53*n - 830. Calculate j(9).
133
Let v(g) = 3*g**3 - 33*g**2 - 187*g + 109. What is v(15)?
4
Let k(y) = -1029*y + 11305. Give k(11).
-14
Let c(q) = -2*q**2 - 153*q - 2076. What is c(-18)?
30
Let s(q) = -4*q**2 + 5*q + 11. Calculate s(5).
-64
Let q(k) = k**3 - 15*k**2 - 14*k + 241. Give q(15).
31
Let v(r) = 938*r - 19697. Determine v(21).
1
Let f(b) = -2*b**3 - 160*b**2 + 330*b + 196. What is f(-82)?
32
Let v(n) = -2*n**3 + n**2 - 64*n - 190. What is v(-3)?
65
Let m(y) = 79*y - 5459. What is m(65)?
-324
Let j(w) = w**3 + 16*w**2 + 18*w + 57. What is j(-14)?
197
Let d(l) = 22*l**2 - 18*l - 38. What is d(2)?
14
Let g(y) = 434*y + 13440. Give g(-31).
-14
Let a(j) = 2*j**3 + 21*j**2 - 5*j - 6. Give a(-7).
372
Let y(c) = -3460*c + 93423. Give y(27).
3
Let b(x) = -x**3 - 39*x**2 - 267*x + 92. Give b(-30).
2
Let m(q) = -1848*q + 5536. What is m(3)?
-8
Let b(v) = 449*v**2 - 5*v + 10. Determine b(1).
454
Let h(t) = 792*t + 30041. Calculate h(-38).
-55
Let g(n) = -n**3 - 12*n**2 + 20*n + 166. Determine g(-12).
-74
Let n(k) = 2*k**2 - 43*k + 97. Determine n(11).
-134
Let s(o) = -499*o + 999. Calculate s(2).
1
Let m(t) = -1019*t - 3989. Calculate m(-4).
87
Let h(t) = -2*t**2 + 200*t + 4788. What is h(120)?
-12
Let y(z) = -14*z**2 - z + 12. Determine y(-1).
-1
Let h(g) = g**2 - 10*g - 232. What is h(21)?
-1
Let z(h) = 146*h + 2065. Determine z(-14).
21
Let n(f) = -f**3 - 7*f**2 - f + 41. Give n(-6).
11
Let n(o) = -2*o - 119. Calculate n(11).
-141
Let z(t) = -35*t - 638. Give z(-19).
27
Let f(m) = -20*m**3 + 3*m**2 + m + 3. Calculate f(-2).
173
Let t(a) = 2*a**3 - 91*a**2 + 37*a + 133. What is t(45)?
-227
Let p(c) = 67*c - 60. Calculate p(0).
-60
Let d(v) = v**3 - 8*v**2 + 87*v - 913. Determine d(10).
157
Let q(g) = g**3 + 7*g**2 - 17*g + 2. Give q(-9).
-7
Let q(b) = -34*b - 108. Calculate q(-6).
96
Let k(w) = 711*w + 7776. Give k(-11).
-45
Let f(m) = -495*m + 62866. What is f(127)?
1
Let s(l) = l**2 + 18*l - 375. What is s(-31)?
28
Let d(l) = -64*l - 231. Give d(-4).
25
Let g(u) = -1265*u + 2518. Calculate g(2).
-12
Let k(c) = 3*c**2 + 90*c - 439. Determine k(5).
86
Let a(k) = 5*k + 15. Give a(24).
135
Let p(z) = -8*z**2 - 4*z - 4. Determine p(-3).
-64
Let x(s) = 677*s - 87325. Calculate x(129).
8
Let b(k) = -154*k - 197. Determine b(-1).
-43
Let d(u) = -3*u**3 + 21*u**2 + 16*u + 9. What is d(7)?
121
Let h(j) = -j**2 + 732*j + 3685. What is h(-5)?
0
Let r(n) = 478*n - 2875. Calculate r(6).
-7
Let x(d) = -444*d + 11058. What is x(25)?
-42
Let b(p) = -5*p**3 - p**2 + 7*p - 28. Give b(3).
-151
Let w(z) = -z**2 + 16*z + 2014. Calculate w(-38).
-38
Let h(u) = u**3 + 45*u**2 - 980*u + 68. Give h(16).
4
Let o(u) = 1190*u - 9764. Give o(8).
-244
Let c(j) = -18*j - 432. Give c(-6).
-324
Let h(j) = -j**2 - 28*j - 42. What is h(-26)?
10
Let d(k) = k**2 - 10*k + 3. Calculate d(15).
78
Let v(c) = -2*c**2 + 27*c + 110. Determine v(16).
30
Let l(d) = -4*d - 147. Give l(-56).
77
Let a(x) = -x**3 + 46*x**2 + 6*x - 173. Determine a(46).
103
Let a(b) = b**3 + 46*b**2 + 128*b - 18. What is a(-43)?
25
Let j(q) = q**3 - 7*q**2 + 5*q - 26. Give j(8).
78
Let j(y) = -62*y + 1283. Calculate j(20).
43
Let v(r) = -207*r + 3675. Give v(17).
156
Let h(f) = f**3 + 18*f**2 + 43*f + 70. Give h(-14).
252
Let j(b) = 3*b**3 - 88*b**2 - 38*b + 28. Calculate j(30).
688
Let v(i) = -i**3 + 68*i**2 - 251*i - 284. Determine v(64).
36
Let p(v) = v**2 - 31*v + 49. What is p(8)?
-135
Let q(x) = -287*x + 1167. Determine q(4).
19
Let b(j) = 416*j - 10. Calculate b(0).
-10
Let n(l) = 665*l + 3984. What is n(-6)?
-6
Let b(k) = 1342*k - 17453. Determine b(13).
-7
Let j(p) = 1300*p + 157. Give j(0).
157
Let n(z) = -770*z + 760. Give n(1).
-10
Let y(x) = 17*x + 855. Calculate y(-36).
243
Let j(u) = -u**3 - 8*u**2 + 94*u + 487. What is j(-5)?
-58
Let w(a) = a**2 + 60*a + 794. Give w(-42).
38
Let m(q) = -67*q + 175. Give m(2).
41
Let m(p) = p**3 + 9*p**2 - 3*p + 46. Calculate m(-9).
73
Let c(v) = 27*v + 152. What is c(-7)?
-37
Let a(v) = 29*v - 5. Calculate a(-3).
-92
Let a(w) = 31*w**2 - 86*w + 175. Determine a(2).
127
Let h(c) = -3*c - 122. Calculate h(-38).
-8
Let b(d) = 54*d**3 + 4*d**2 - 2*d - 1. What is b(0)?
-1
Let n(b) = 558*b + 45753. Determine n(-82).
-3
Let z(u) = 2*u**3 + 6*u**2 - 14*u - 77. Give z(-4).
-53
Let x(i) = -i**3 + 2*i**2 - 4334*i + 17363. Give x(4).
-5
Let d(q) = q**3 + 78*q**2 + 85*q + 591. Give d(-77).
-25
Let x(w) = -w**3 - 28*w**2 + 59*w - 13. Give x(-30).
17
Let d(m) = 459*m - 7328. Determine d(16).
16
Let o(p) = -p**2 + 84*p - 810. Determine o(73).
-7
Let q(h) = -195*h - 10234. Give q(-52).
-94
Let r(q) = -5*q**3 - 3*q**2 + 274*q - 270. Determine r(1).
-4
Let u(l) = -l**3 + 13*l**2 - 19*l + 14. Calculate u(12).
-70
Let x(g) = -63*g + 111. Give x(11).
-582
Let s(j) = 19*j**3 - j**2 - 3*j - 2. Calculate s(-1).
-19
Let m(o) = o**2 - 50*o + 223. Determine m(39).
-206
Let n(l) = l**3 + 110*l**2 + 724*l + 312. Give n(-103).
3
Let g(i) = -i**3 + 15*i**2 + 67*i - 92. D